[INFO] cloning repository https://github.com/lucdoebereiner/audiomesh
[INFO] running `Command { std: "git" "-c" "credential.helper=" "-c" "credential.helper=/workspace/cargo-home/bin/git-credential-null" "clone" "--bare" "https://github.com/lucdoebereiner/audiomesh" "/workspace/cache/git-repos/https%3A%2F%2Fgithub.com%2Flucdoebereiner%2Faudiomesh", kill_on_drop: false }`
[INFO] [stderr] Cloning into bare repository '/workspace/cache/git-repos/https%3A%2F%2Fgithub.com%2Flucdoebereiner%2Faudiomesh'...
[INFO] running `Command { std: "git" "rev-parse" "HEAD", kill_on_drop: false }`
[INFO] [stdout] 43bbf72fddc1cb74316f05ec94cbdd3fd8feb492
[INFO] building lucdoebereiner/audiomesh against master#881c1ac408d93bb7adaa3a51dabab9266e82eee8 for issue-85264
[INFO] running `Command { std: "git" "clone" "/workspace/cache/git-repos/https%3A%2F%2Fgithub.com%2Flucdoebereiner%2Faudiomesh" "/workspace/builds/worker-14/source", kill_on_drop: false }`
[INFO] [stderr] Cloning into '/workspace/builds/worker-14/source'...
[INFO] [stderr] done.
[INFO] validating manifest of git repo https://github.com/lucdoebereiner/audiomesh on toolchain 881c1ac408d93bb7adaa3a51dabab9266e82eee8
[INFO] running `Command { std: "/workspace/cargo-home/bin/cargo" "+881c1ac408d93bb7adaa3a51dabab9266e82eee8" "metadata" "--manifest-path" "Cargo.toml" "--no-deps", kill_on_drop: false }`
[INFO] started tweaking git repo https://github.com/lucdoebereiner/audiomesh
[INFO] finished tweaking git repo https://github.com/lucdoebereiner/audiomesh
[INFO] tweaked toml for git repo https://github.com/lucdoebereiner/audiomesh written to /workspace/builds/worker-14/source/Cargo.toml
[INFO] crate git repo https://github.com/lucdoebereiner/audiomesh already has a lockfile, it will not be regenerated
[INFO] running `Command { std: "/workspace/cargo-home/bin/cargo" "+881c1ac408d93bb7adaa3a51dabab9266e82eee8" "fetch" "--manifest-path" "Cargo.toml", kill_on_drop: false }`
[INFO] [stderr] warning: /workspace/builds/worker-14/source/graphwasm/Cargo.toml: unused manifest key: target.wasm32-unknown-unknown.rustflags
[INFO] [stderr]  Downloading crates ...
[INFO] [stderr]   Downloaded jack v0.6.5
[INFO] [stderr]   Downloaded jack-sys v0.2.1
[INFO] running `Command { std: "docker" "create" "-v" "/var/lib/crater-agent-workspace/builds/worker-14/target:/opt/rustwide/target:rw,Z" "-v" "/var/lib/crater-agent-workspace/builds/worker-14/source:/opt/rustwide/workdir:ro,Z" "-v" "/var/lib/crater-agent-workspace/cargo-home:/opt/rustwide/cargo-home:ro,Z" "-v" "/var/lib/crater-agent-workspace/rustup-home:/opt/rustwide/rustup-home:ro,Z" "-e" "SOURCE_DIR=/opt/rustwide/workdir" "-e" "CARGO_TARGET_DIR=/opt/rustwide/target" "-e" "CARGO_HOME=/opt/rustwide/cargo-home" "-e" "RUSTUP_HOME=/opt/rustwide/rustup-home" "-w" "/opt/rustwide/workdir" "-m" "1610612736" "--user" "0:0" "--network" "none" "ghcr.io/rust-lang/crates-build-env/linux@sha256:20528e8c29e4536546f0102ce88568b16ea7538393a33fcca951030f7af10457" "/opt/rustwide/cargo-home/bin/cargo" "+881c1ac408d93bb7adaa3a51dabab9266e82eee8" "metadata" "--no-deps" "--format-version=1", kill_on_drop: false }`
[INFO] [stdout] 2407b8a67b54d76ff89c29d3c7a49af6c1237e5b6a705dc5694ed3dc408c1908
[INFO] [stderr] WARNING: Your kernel does not support swap limit capabilities or the cgroup is not mounted. Memory limited without swap.
[INFO] running `Command { std: "docker" "start" "-a" "2407b8a67b54d76ff89c29d3c7a49af6c1237e5b6a705dc5694ed3dc408c1908", kill_on_drop: false }`
[INFO] running `Command { std: "docker" "inspect" "2407b8a67b54d76ff89c29d3c7a49af6c1237e5b6a705dc5694ed3dc408c1908", kill_on_drop: false }`
[INFO] running `Command { std: "docker" "rm" "-f" "2407b8a67b54d76ff89c29d3c7a49af6c1237e5b6a705dc5694ed3dc408c1908", kill_on_drop: false }`
[INFO] [stdout] 2407b8a67b54d76ff89c29d3c7a49af6c1237e5b6a705dc5694ed3dc408c1908
[INFO] running `Command { std: "docker" "create" "-v" "/var/lib/crater-agent-workspace/builds/worker-14/target:/opt/rustwide/target:rw,Z" "-v" "/var/lib/crater-agent-workspace/builds/worker-14/source:/opt/rustwide/workdir:ro,Z" "-v" "/var/lib/crater-agent-workspace/cargo-home:/opt/rustwide/cargo-home:ro,Z" "-v" "/var/lib/crater-agent-workspace/rustup-home:/opt/rustwide/rustup-home:ro,Z" "-e" "SOURCE_DIR=/opt/rustwide/workdir" "-e" "CARGO_TARGET_DIR=/opt/rustwide/target" "-e" "CARGO_INCREMENTAL=0" "-e" "RUST_BACKTRACE=full" "-e" "RUSTFLAGS=--cap-lints=forbid" "-e" "CARGO_HOME=/opt/rustwide/cargo-home" "-e" "RUSTUP_HOME=/opt/rustwide/rustup-home" "-w" "/opt/rustwide/workdir" "-m" "1610612736" "--user" "0:0" "--network" "none" "ghcr.io/rust-lang/crates-build-env/linux@sha256:20528e8c29e4536546f0102ce88568b16ea7538393a33fcca951030f7af10457" "/opt/rustwide/cargo-home/bin/cargo" "+881c1ac408d93bb7adaa3a51dabab9266e82eee8" "build" "--frozen" "--message-format=json", kill_on_drop: false }`
[INFO] [stdout] e03095ef06735ff6227fc5e3aa398d7c82ac64532f2d57d18fe51c1cb88cc3b7
[INFO] [stderr] WARNING: Your kernel does not support swap limit capabilities or the cgroup is not mounted. Memory limited without swap.
[INFO] running `Command { std: "docker" "start" "-a" "e03095ef06735ff6227fc5e3aa398d7c82ac64532f2d57d18fe51c1cb88cc3b7", kill_on_drop: false }`
[INFO] [stderr] warning: /opt/rustwide/workdir/graphwasm/Cargo.toml: unused manifest key: target.wasm32-unknown-unknown.rustflags
[INFO] [stderr]    Compiling cfg-if v1.0.0
[INFO] [stderr]    Compiling libc v0.2.86
[INFO] [stderr]    Compiling typenum v1.12.0
[INFO] [stderr]    Compiling proc-macro2 v1.0.24
[INFO] [stderr]    Compiling unicode-xid v0.2.1
[INFO] [stderr]    Compiling syn v1.0.60
[INFO] [stderr]    Compiling version_check v0.9.2
[INFO] [stderr]    Compiling autocfg v1.0.1
[INFO] [stderr]    Compiling getrandom v0.1.16
[INFO] [stderr]    Compiling proc-macro2 v0.4.30
[INFO] [stderr]    Compiling byteorder v1.4.2
[INFO] [stderr]    Compiling serde_derive v1.0.123
[INFO] [stderr]    Compiling tinyvec_macros v0.1.0
[INFO] [stderr]    Compiling serde v1.0.123
[INFO] [stderr]    Compiling syn v0.15.44
[INFO] [stderr]    Compiling ppv-lite86 v0.2.10
[INFO] [stderr]    Compiling hashbrown v0.9.1
[INFO] [stderr]    Compiling opaque-debug v0.2.3
[INFO] [stderr]    Compiling subtle v1.0.0
[INFO] [stderr]    Compiling byte-tools v0.3.1
[INFO] [stderr]    Compiling lazy_static v1.4.0
[INFO] [stderr]    Compiling percent-encoding v2.1.0
[INFO] [stderr]    Compiling fake-simd v0.1.2
[INFO] [stderr]    Compiling safemem v0.3.3
[INFO] [stderr]    Compiling memchr v2.3.4
[INFO] [stderr]    Compiling zeroize v1.2.0
[INFO] [stderr]    Compiling wasm-bindgen-shared v0.2.70
[INFO] [stderr]    Compiling base64 v0.12.3
[INFO] [stderr]    Compiling smallvec v1.6.1
[INFO] [stderr]    Compiling state v0.4.2
[INFO] [stderr]    Compiling fixedbitset v0.2.0
[INFO] [stderr]    Compiling glob v0.3.0
[INFO] [stderr]    Compiling slab v0.4.2
[INFO] [stderr]    Compiling bumpalo v3.6.0
[INFO] [stderr]    Compiling ryu v1.0.5
[INFO] [stderr]    Compiling lazycell v1.3.0
[INFO] [stderr]    Compiling same-file v1.0.6
[INFO] [stderr]    Compiling serde_json v1.0.62
[INFO] [stderr]    Compiling wasm-bindgen v0.2.70
[INFO] [stderr]    Compiling itoa v0.4.7
[INFO] [stderr]    Compiling libloading v0.6.7
[INFO] [stderr]    Compiling tinyvec v1.1.1
[INFO] [stderr]    Compiling block-padding v0.1.5
[INFO] [stderr]    Compiling form_urlencoded v1.0.0
[INFO] [stderr]    Compiling thread_local v1.1.3
[INFO] [stderr]    Compiling log v0.4.14
[INFO] [stderr]    Compiling base64 v0.9.3
[INFO] [stderr]    Compiling walkdir v2.3.1
[INFO] [stderr]    Compiling indexmap v1.6.1
[INFO] [stderr]    Compiling crossbeam-utils v0.8.1
[INFO] [stderr]    Compiling pear_codegen v0.1.4
[INFO] [stderr]    Compiling rocket_codegen v0.4.7
[INFO] [stderr]    Compiling rocket v0.4.7
[INFO] [stderr]    Compiling unicase v2.6.0
[INFO] [stderr]    Compiling log v0.3.9
[INFO] [stderr]    Compiling aho-corasick v0.7.15
[INFO] [stderr]    Compiling mime v0.2.6
[INFO] [stderr]    Compiling quote v0.6.13
[INFO] [stderr]    Compiling quote v1.0.8
[INFO] [stderr]    Compiling unicode-normalization v0.1.17
[INFO] [stderr]    Compiling time v0.1.44
[INFO] [stderr]    Compiling num_cpus v1.13.0
[INFO] [stderr]    Compiling net2 v0.2.37
[INFO] [stderr]    Compiling iovec v0.1.4
[INFO] [stderr]    Compiling inotify-sys v0.1.5
[INFO] [stderr]    Compiling atty v0.2.14
[INFO] [stderr]    Compiling filetime v0.2.14
[INFO] [stderr]    Compiling jack-sys v0.2.1
[INFO] [stderr]    Compiling inotify v0.7.1
[INFO] [stderr]    Compiling jack v0.6.5
[INFO] [stderr]    Compiling mio v0.6.23
[INFO] [stderr]    Compiling rand_core v0.5.1
[INFO] [stderr]    Compiling crossbeam-channel v0.5.0
[INFO] [stderr]    Compiling regex v1.4.3
[INFO] [stderr]    Compiling generic-array v0.12.3
[INFO] [stderr]    Compiling rand_pcg v0.2.1
[INFO] [stderr]    Compiling rand_chacha v0.2.2
[INFO] [stderr]    Compiling block-cipher-trait v0.6.2
[INFO] [stderr]    Compiling universal-hash v0.3.0
[INFO] [stderr]    Compiling digest v0.8.1
[INFO] [stderr]    Compiling crypto-mac v0.7.0
[INFO] [stderr]    Compiling block-buffer v0.7.3
[INFO] [stderr]    Compiling aead v0.2.0
[INFO] [stderr]    Compiling aes-soft v0.3.3
[INFO] [stderr]    Compiling polyval v0.3.3
[INFO] [stderr]    Compiling hmac v0.7.1
[INFO] [stderr]    Compiling sha2 v0.8.2
[INFO] [stderr]    Compiling rand v0.7.3
[INFO] [stderr]    Compiling hkdf v0.8.0
[INFO] [stderr]    Compiling ghash v0.2.3
[INFO] [stderr]    Compiling aes v0.3.2
[INFO] [stderr]    Compiling aes-gcm v0.5.0
[INFO] [stderr]    Compiling idna v0.1.5
[INFO] [stderr]    Compiling idna v0.2.1
[INFO] [stderr]    Compiling mio-extras v2.0.6
[INFO] [stderr]    Compiling url v1.7.2
[INFO] [stderr]    Compiling notify v4.0.15
[INFO] [stderr]    Compiling url v2.2.0
[INFO] [stderr]    Compiling cookie v0.11.3
[INFO] [stderr]    Compiling hyper v0.10.16
[INFO] [stderr]    Compiling wasm-bindgen-backend v0.2.70
[INFO] [stderr]    Compiling devise_core v0.2.0
[INFO] [stderr]    Compiling wasm-bindgen-macro-support v0.2.70
[INFO] [stderr]    Compiling devise_codegen v0.2.0
[INFO] [stderr]    Compiling wasm-bindgen-macro v0.2.70
[INFO] [stderr]    Compiling devise v0.2.0
[INFO] [stderr]    Compiling pear v0.1.4
[INFO] [stderr]    Compiling rocket_http v0.4.7
[INFO] [stderr]    Compiling petgraph v0.5.1
[INFO] [stderr]    Compiling toml v0.4.10
[INFO] [stderr]    Compiling unicase_serde v0.1.0
[INFO] [stderr]    Compiling processgraph v0.1.0 (/opt/rustwide/workdir/processgraph)
[INFO] [stderr]    Compiling rocket_contrib v0.4.7
[INFO] [stderr]    Compiling rocket_cors v0.5.2
[INFO] [stdout] warning: unused variable: `input`
[INFO] [stdout]    --> processgraph/src/process.rs:126:9
[INFO] [stdout]     |
[INFO] [stdout] 126 |         input: f64,
[INFO] [stdout]     |         ^^^^^ help: if this is intentional, prefix it with an underscore: `_input`
[INFO] [stdout]     |
[INFO] [stdout]     = note: `#[warn(unused_variables)]` on by default
[INFO] [stdout] 
[INFO] [stdout] 
[INFO] [stdout] warning: unused variable: `input_level`
[INFO] [stdout]    --> processgraph/src/process.rs:128:9
[INFO] [stdout]     |
[INFO] [stdout] 128 |         input_level: Vec<Process>,
[INFO] [stdout]     |         ^^^^^^^^^^^ help: if this is intentional, prefix it with an underscore: `_input_level`
[INFO] [stdout] 
[INFO] [stdout] 
[INFO] [stdout] warning: unused variable: `input`
[INFO] [stdout]    --> processgraph/src/process.rs:226:9
[INFO] [stdout]     |
[INFO] [stdout] 226 |         input: f64,
[INFO] [stdout]     |         ^^^^^ help: if this is intentional, prefix it with an underscore: `_input`
[INFO] [stdout] 
[INFO] [stdout] 
[INFO] [stdout] warning: unused variable: `input`
[INFO] [stdout]    --> processgraph/src/process.rs:232:9
[INFO] [stdout]     |
[INFO] [stdout] 232 |         input: f64,
[INFO] [stdout]     |         ^^^^^ help: if this is intentional, prefix it with an underscore: `_input`
[INFO] [stdout] 
[INFO] [stdout] 
[INFO] [stdout] warning: unused variable: `freq_mod`
[INFO] [stdout]    --> processgraph/src/process.rs:234:9
[INFO] [stdout]     |
[INFO] [stdout] 234 |         freq_mod: f64,
[INFO] [stdout]     |         ^^^^^^^^ help: if this is intentional, prefix it with an underscore: `_freq_mod`
[INFO] [stdout] 
[INFO] [stdout] 
[INFO] [stdout] warning: unused variable: `input`
[INFO] [stdout]    --> processgraph/src/process.rs:259:9
[INFO] [stdout]     |
[INFO] [stdout] 259 |         input: f64,
[INFO] [stdout]     |         ^^^^^ help: if this is intentional, prefix it with an underscore: `_input`
[INFO] [stdout] 
[INFO] [stdout] 
[INFO] [stdout] warning: value assigned to `range` is never read
[INFO] [stdout]   --> processgraph/src/numerical.rs:47:13
[INFO] [stdout]    |
[INFO] [stdout] 47 |     let mut range = 0.;
[INFO] [stdout]    |             ^^^^^
[INFO] [stdout]    |
[INFO] [stdout]    = note: `#[warn(unused_assignments)]` on by default
[INFO] [stdout]    = help: maybe it is overwritten before being read?
[INFO] [stdout] 
[INFO] [stdout] 
[INFO] [stdout] warning: function is never used: `connection_default_lag`
[INFO] [stdout]    --> processgraph/src/lib.rs:166:4
[INFO] [stdout]     |
[INFO] [stdout] 166 | fn connection_default_lag() -> lag::Lag {
[INFO] [stdout]     |    ^^^^^^^^^^^^^^^^^^^^^^
[INFO] [stdout]     |
[INFO] [stdout]     = note: `#[warn(dead_code)]` on by default
[INFO] [stdout] 
[INFO] [stdout] 
[INFO] [stdout] warning: 8 warnings emitted
[INFO] [stdout] 
[INFO] [stdout] 
[INFO] [stderr]    Compiling graphwasm v0.1.0 (/opt/rustwide/workdir/graphwasm)
[INFO] [stderr]    Compiling audiomesh v0.3.0 (/opt/rustwide/workdir/audiomesh)
[INFO] [stderr]    Compiling graphugen v0.1.0 (/opt/rustwide/workdir/graphugen)
[INFO] [stdout] error[E0425]: cannot find function `new_graph` in this scope
[INFO] [stdout]   --> graphugen/src/lib.rs:20:16
[INFO] [stdout]    |
[INFO] [stdout] 20 |         graph: new_graph(),
[INFO] [stdout]    |                ^^^^^^^^^ help: a function with a similar name exists: `set_graph`
[INFO] [stdout] ...
[INFO] [stdout] 34 | pub extern "C" fn set_graph(state: *mut UGenState) {
[INFO] [stdout]    | -------------------------------------------------- similarly named function `set_graph` defined here
[INFO] [stdout] 
[INFO] [stdout] 
[INFO] [stdout] error[E0425]: cannot find function `noise` in this scope
[INFO] [stdout]   --> graphugen/src/lib.rs:36:44
[INFO] [stdout]    |
[INFO] [stdout] 36 |         let idx1 = (*state).graph.add_node(noise(100));
[INFO] [stdout]    |                                            ^^^^^ not found in this scope
[INFO] [stdout] 
[INFO] [stdout] 
[INFO] [stdout] error[E0425]: cannot find function `lpf` in this scope
[INFO] [stdout]   --> graphugen/src/lib.rs:37:44
[INFO] [stdout]    |
[INFO] [stdout] 37 |         let idx2 = (*state).graph.add_node(lpf(300., 3.));
[INFO] [stdout]    |                                            ^^^ not found in this scope
[INFO] [stdout] 
[INFO] [stdout] 
[INFO] [stdout] error[E0425]: cannot find function `establish_flow` in this scope
[INFO] [stdout]   --> graphugen/src/lib.rs:41:25
[INFO] [stdout]    |
[INFO] [stdout] 41 |         (*state).flow = establish_flow(&(*state).graph, &(*state).output_indices);
[INFO] [stdout]    |                         ^^^^^^^^^^^^^^ not found in this scope
[INFO] [stdout] 
[INFO] [stdout] 
[INFO] [stdout] error[E0425]: cannot find function `process_graph` in this scope
[INFO] [stdout]   --> graphugen/src/lib.rs:59:13
[INFO] [stdout]    |
[INFO] [stdout] 59 |             process_graph(
[INFO] [stdout]    |             ^^^^^^^^^^^^^ not found in this scope
[INFO] [stdout] 
[INFO] [stdout] 
[INFO] [stdout] error[E0599]: no method named `add_node` found for struct `processgraph::UGenGraph` in the current scope
[INFO] [stdout]   --> graphugen/src/lib.rs:36:35
[INFO] [stdout]    |
[INFO] [stdout] 36 |         let idx1 = (*state).graph.add_node(noise(100));
[INFO] [stdout]    |                                   ^^^^^^^^ method not found in `processgraph::UGenGraph`
[INFO] [stdout] 
[INFO] [stdout] 
[INFO] [stdout] error[E0599]: no method named `add_node` found for struct `processgraph::UGenGraph` in the current scope
[INFO] [stdout]   --> graphugen/src/lib.rs:37:35
[INFO] [stdout]    |
[INFO] [stdout] 37 |         let idx2 = (*state).graph.add_node(lpf(300., 3.));
[INFO] [stdout]    |                                   ^^^^^^^^ method not found in `processgraph::UGenGraph`
[INFO] [stdout] 
[INFO] [stdout] 
[INFO] [stdout] error[E0425]: cannot find function `process_graph` in this scope
[INFO] [stdout]   --> graphwasm/src/lib.rs:26:5
[INFO] [stdout]    |
[INFO] [stdout] 26 |     process_graph(
[INFO] [stdout]    |     ^^^^^^^^^^^^^ not found in this scope
[INFO] [stdout] 
[INFO] [stdout] 
[INFO] [stdout] error[E0425]: cannot find function `new_graph` in this scope
[INFO] [stdout]   --> graphwasm/src/lib.rs:35:17
[INFO] [stdout]    |
[INFO] [stdout] 35 |     let mut g = new_graph();
[INFO] [stdout]    |                 ^^^^^^^^^ not found in this scope
[INFO] [stdout] 
[INFO] [stdout] 
[INFO] [stdout] error[E0425]: cannot find function `noise` in this scope
[INFO] [stdout]   --> graphwasm/src/lib.rs:36:27
[INFO] [stdout]    |
[INFO] [stdout] 36 |     let idx1 = g.add_node(noise(100));
[INFO] [stdout]    |                           ^^^^^ not found in this scope
[INFO] [stdout] 
[INFO] [stdout] 
[INFO] [stdout] error[E0425]: cannot find function `lpf` in this scope
[INFO] [stdout]   --> graphwasm/src/lib.rs:37:27
[INFO] [stdout]    |
[INFO] [stdout] 37 |     let idx2 = g.add_node(lpf(300., 3.));
[INFO] [stdout]    |                           ^^^ not found in this scope
[INFO] [stdout] 
[INFO] [stdout] 
[INFO] [stdout] error[E0425]: cannot find function `establish_flow` in this scope
[INFO] [stdout]   --> graphwasm/src/lib.rs:39:16
[INFO] [stdout]    |
[INFO] [stdout] 39 |     let flow = establish_flow(&g, &out_idx);
[INFO] [stdout]    |                ^^^^^^^^^^^^^^ not found in this scope
[INFO] [stdout] 
[INFO] [stdout] 
[INFO] [stdout] error[E0599]: no method named `add_edge` found for struct `processgraph::UGenGraph` in the current scope
[INFO] [stdout]   --> graphugen/src/lib.rs:38:24
[INFO] [stdout]    |
[INFO] [stdout] 38 |         (*state).graph.add_edge(idx1, idx2, (0, 1.0));
[INFO] [stdout]    |                        ^^^^^^^^ method not found in `processgraph::UGenGraph`
[INFO] [stdout] 
[INFO] [stdout] 
[INFO] [stdout] error: aborting due to 8 previous errors
[INFO] [stdout] 
[INFO] [stdout] 
[INFO] [stdout] Some errors have detailed explanations: E0425, E0599.
[INFO] [stdout] 
[INFO] [stdout] For more information about an error, try `rustc --explain E0425`.
[INFO] [stdout] 
[INFO] [stdout] error: aborting due to 5 previous errors
[INFO] [stdout] 
[INFO] [stdout] 
[INFO] [stdout] For more information about this error, try `rustc --explain E0425`.
[INFO] [stdout] 
[INFO] [stderr] error: could not compile `graphwasm`
[INFO] [stderr] 
[INFO] [stderr] To learn more, run the command again with --verbose.
[INFO] [stderr] warning: build failed, waiting for other jobs to finish...
[INFO] [stderr] error: build failed
[INFO] running `Command { std: "docker" "inspect" "e03095ef06735ff6227fc5e3aa398d7c82ac64532f2d57d18fe51c1cb88cc3b7", kill_on_drop: false }`
[INFO] running `Command { std: "docker" "rm" "-f" "e03095ef06735ff6227fc5e3aa398d7c82ac64532f2d57d18fe51c1cb88cc3b7", kill_on_drop: false }`
[INFO] [stdout] e03095ef06735ff6227fc5e3aa398d7c82ac64532f2d57d18fe51c1cb88cc3b7
